2 and r?
38
Let p(l) = -69 + 5*l - 35 - 132 + 10*l. Let v be p(16). Let t be 2*-1 - -2 - -1. Calculate the highest common divisor of v and t.
1
Let x(o) = 74*o - 215. Let j be x(10). Let b = j - 393. Calculate the greatest common factor of 176 and b.
44
Let c = -4813 + 4870. Calculate the greatest common factor of c and 21.
3
Let k(x) = -x**2 + 63*x - 52. Let v be k(57). Calculate the greatest common factor of 8265 and v.
145
Let u = -33325 + 33709. Calculate the greatest common divisor of u and 312.
24
Suppose -2*a - 3*a + 35 = 0. Suppose 10 - a = l. Suppose -4*w - m = -148, l*w - 3*m - 133 = -22. Calculate the greatest common factor of 148 and w.
37
Let i = -24 - -32. Suppose 0 = 4*x - 4*s - i, -7 = -x + 2*s - 1. Let p(j) = -178*j + 4. Let w be p(x). What is the greatest common divisor of w and 40?
40
Let s = -338808 + 338831. Suppose 2*v - 3128 = -2*v. Calculate the greatest common factor of s and v.
23
Let n = 6 + -8. Let w(f) = -2895 - 2907 - 97*f + 5806. Let p be w(n). Calculate the highest common factor of p and 18.
18
Let n be ((-12)/14)/((-10)/5180). Suppose -30*m + n + 576 = 0. Calculate the highest common divisor of m and 17.
17
Suppose -20*w = 3*w - 2162. Suppose 2*t - 398 = -4*g, -g + 0*t + 5*t = -w. Let n = -6 - -17. Calculate the highest common factor of g and n.
11
Let b be (187/(-33) - 1)/((-2)/30). Suppose -15*r - b + 700 = 0. Calculate the highest common factor of 24 and r.
8
Suppose 5*s = 4*l - 1758 + 3876, -15 = -5*l. What is the highest common divisor of 30 and s?
6
Suppose 90 = 2*o + o. Let r = 1708 + -1378. What is the highest common divisor of o and r?
30
Suppose 0 = 5*d - i - 88804, 35500 = 2*d + 128*i - 123*i. Calculate the greatest common divisor of 80 and d.
80
Suppose 5*n - 99 + 24 = 0. Suppose 4*c = -5*h + 191 - 32, 5*h - n = 0. Suppose -42*t - c = -44*t. Calculate the highest common divisor of 12 and t.
6
Let s(a) = -2*a**3 - 23*a**2 - 89*a - 28. Let p be s(-6). What is the greatest common factor of p and 4345?
55
Let r = -149 + 369. Suppose -5*a = 5*g - 585, -2*g + 23 + r = -a. Let b(c) = -c**2 + 30. Let w be b(0). Calculate the highest common factor of g and w.
30
Suppose -k - 5 = -g, k = -g - 4*k - 19. Let d be (-44)/((-6)/36*-6). Let b = d + 45. What is the highest common divisor of b and g?
1
Suppose 3*l + 3*d - 106 = 782, 874 = 3*l - 4*d. What is the greatest common divisor of l and 30?
6
Suppose -728 - 272 = -40*u + 200. What is the highest common divisor of 38 and u?
2
Let u(i) = -i**2 - 44*i - 219. Let w be u(-23). What is the greatest common divisor of w and 2288?
88
Suppose j + 4*c = -c + 61, 0 = 2*j - 2*c - 86. Let o = 28 - -189. Suppose 358 = 5*x - o. What is the highest common divisor of j and x?
23
Let l(r) = -3*r**3 + 181*r**2 + 117*r + 333. Let o be l(61). What is the greatest common factor of o and 22708?
28
Let n be (-99)/(-6)*(-7)/((-21)/12). Let p = n + -7. Suppose -4*z + p = -241. Calculate the greatest common factor of z and 25.
25
Let s be (-4)/1*(-12)/6. Suppose -s - 14 = d. Let m be 9/(-18) + d/(-4). Calculate the highest common factor of 35 and m.
5
Let r be (6/3)/(4/6). Suppose r*q - 48 = -q. Let o = -670 + 673. Calculate the highest common factor of o and q.
3
Let a = 30 + -24. Let d be (-1*(-12)/18)/((-4)/a). Let f be -1 - -8 - 4 - (-173 - d). Calculate the greatest common divisor of 25 and f.
25
Suppose 0 = -3*l - 115 - 23. Let i = l + 46. Let a be (2*3)/(12/56) + i. What is the highest common divisor of a and 280?
28
Suppose i - l - 2376 = 0, -1985*l + 11832 = 5*i - 1984*l. What is the greatest common factor of 1406 and i?
74
Suppose d - p - 1684 = -6*p, 0 = -2*d - 2*p + 3400. Calculate the highest common factor of 312 and d.
24
Suppose 7*z + 93860 = 11*z + 4*k, k = -10*z + 234704. Calculate the greatest common divisor of 49 and z.
49
Suppose 4*i = -5*d - 1709, 3*d = -9*i + 7*i - 857. Let r = i - -795. Calculate the greatest common factor of 34 and r.
34
Suppose 27*c - 39*c = 80*c - 736. What is the greatest common divisor of c and 140?
4
Let u(n) = -2*n**2 + 5*n + 7. Let d be u(0). Suppose 0 = -12*p + d + 53. Calculate the greatest common factor of p and 16.
1
Let n(q) = q + 73. Let o be n(-21). Suppose 4*i = 4*b + o, 3*i - 4*b = -3*b + 37. What is the greatest common divisor of 4 and i?
4
Let y = -4245 - -8539. Calculate the highest common factor of y and 190.
38
Let x = -10300 + 10364. Calculate the greatest common divisor of x and 1.
1
Let x(g) = g + 8. Let b(d) = 5*d + 3. Let y be b(-2). Let u be x(y). Let l be (-60)/(-4)*u - 3. Calculate the greatest common divisor of 108 and l.
12
Let w be 2 - (-6 + (5 - 8)). Suppose w*k + 21*k - 7904 = 0. What is the greatest common factor of k and 52?
13
Let x = -1589 - -21953. What is the greatest common divisor of x and 24?
12
Let b = -1063 + 759. Let u = -171 - b. Calculate the greatest common factor of 19 and u.
19
Let m = 343 + -708. Let y = 621 + m. What is the highest common factor of 96 and y?
32
Let y(b) = -2*b**2 + 10*b - 60. Let j be y(-16). Let a = 738 + j. Let p = -1 - -5. Calculate the greatest common factor of a and p.
2
Suppose 55*p + 55682 = 4*s + 57*p, -27866 = -2*s + 4*p. What is the highest common factor of s and 63?
63
Let a(j) = -8*j - 70. Let r be a(-16). Suppose r = -4*h + 74. What is the greatest common divisor of h and 12?
4
Let x be (-64)/7 + 10 + (6462/7 - 4). What is the highest common factor of 360 and x?
40
Let o be (-12*7)/(6/(-8)). Suppose 0 = -84*j + 5443 - 667 - 72. What is the greatest common factor of o and j?
56
Let q = 7 - 5. Suppose 3*v - 9 = 3, -4*v = -q*o + 2. Calculate the greatest common divisor of o and 54.
9
Suppose 164119 = 147*q - 249833. What is the highest common factor of q and 1936?
176
Let z = 673 - 712. Suppose 4*s + s = 3*l - 263, -154 = -2*l - 2*s. Let f = z + l. What is the greatest common divisor of 6 and f?
6
Suppose 56*f - 92 = -36*f. What is the highest common divisor of 477 and f?
1
Let n(a) = 5*a + 197. Let w be n(53). Calculate the highest common divisor of w and 264.
66
Let q(h) = h. Let u(x) = 4*x - 13. Let g be 3 - (1 - 0)*4. Let s(z) = g*u(z) + 5*q(z). Let j be s(-7). Calculate the highest common factor of 2 and j.
2
Let n = -530 + 1569. Let l = n - 901. Calculate the highest common factor of l and 184.
46
Let d be 192 - -1 - (-12 + 9). Let r be (1 + -99)*(-8)/16. Calculate the greatest common divisor of d and r.
49
Suppose 5*m = 6 + 4. Let w(x) = -218*x - 2614. Let y be w(-12). Let r be y - (0/m + 20/(-2)). What is the greatest common divisor of r and 36?
12
Let z be (-64)/48 - ((-41088)/(-18))/(-8). Calculate the highest common factor of z and 3266.
142
Suppose 5*z + 2695 = 2*f, -z = -4*f - 4*z + 5299. Calculate the greatest common factor of 210 and f.
70
Let t(y) = -72*y - 9. Let m = -424 - -423. Let o be t(m). Suppose 4*h = -z + 38, 2*z - 5*h - 21 = -2*h. What is the greatest common divisor of o and z?
9
Let i be (-609)/(-12) + 87/58*(-5)/10. Let c(m) = 7*m + 1. Let k be c(7). Calculate the highest common divisor of i and k.
50
Let p(f) = 30*f**2 - f. Let w be p(-1). Let o = w + -25. Suppose c + 5*t = 3*c, -o = -c + t. What is the highest common factor of c and 10?
10
Suppose 806*w - 4*j = 810*w - 6360, -2*w = -j - 3204. Calculate the greatest common divisor of w and 544.
34
Let o = 7267 + -3317. What is the highest common factor of 2 and o?
2
Let c be ((-76)/40 - -2) + (-1966770)/(-1300). What is the highest common factor of 534 and c?
89
Suppose -15*n + 14*n = -76. Let c(i) = -2*i**2 - 8*i + 17. Let f be c(-8). Let d = f + n. What is the highest common factor of d and 116?
29
Let b = -17700 + 17756. Calculate the highest common factor of 15848 and b.
56
Let y be 290 + (4 - 1) - -4. Let u be (y/55)/(6/40). Calculate the highest common factor of u and 396.
36
Suppose 3*j = 4*n + 204, 7*n + 156 = 2*j + 11*n. Suppose 3*v + 5*f = j - 15, -4*v - 5*f = -71. What is the greatest common factor of v and 14?
14
Let l = -1111 - -1298. Calculate the highest common divisor of 221 and l.
17
Let l(q) be the third derivative of 0 + 2*q**2 + 0*q + 1/15*q**5 + 0*q**4 - 11/6*q**3. Let w be l(-3). What is the greatest common factor of 175 and w?
25
Let f(m) = m**2 - 17*m - 17. Let c be f(22). Let i = c + -53. Suppose 25*r - 28*r = -30. What is the greatest common factor of r and i?